e
Let x(v) be the first derivative of 11*v**2/2 + 12*v - 10. Is x(11) prime?
False
Let f = -5 + -15. Is (-1227)/2*f/30 a prime number?
True
Is 4/7 + (-8 - 2135888/(-112)) composite?
True
Let j(f) be the second derivative of 7*f**6/120 + f**4/12 + f**3/6 + 5*f. Let w(z) be the second derivative of j(z). Is w(3) a prime number?
True
Let w(d) be the first derivative of 3*d**4/2 - d**3/2 - 3*d**2/2 - 13. Let o(v) be the second derivative of w(v). Is o(2) prime?
False
Let d be -1 + 1 + -12 + (4 - 4). Is (83 - -4)*(-8)/d composite?
True
Suppose 19*d - 19797 = 16*d - 4*x, 2*d - 5*x - 13198 = 0. Is d composite?
False
Let u be 19 + -28 + 1 + 1645. Suppose f = -4*f. Suppose f = -0*i - i + u. Is i prime?
True
Let j(c) = -c**3 + 11*c**2 + 2*c - 2. Let q be j(11). Suppose -q*h = -15*h - 665. Is h a prime number?
False
Let v(k) = -k**2 + 3*k + 3. Let o be (-2 - -6)/(0 - -1). Let x be v(o). Is 1 + x + -2 + 39 a composite number?
False
Is 2/12*-1*-40422 a composite number?
False
Let r = 675 + 310. Is r prime?
False
Suppose o = 5*c + 2417, -15*o - 9768 = -19*o - 5*c. Is o a prime number?
True
Let o be 1 + (0 + 0 - -2). Suppose 6*t = o*t. Suppose t*n + n = 127. Is n a composite number?
False
Let j(r) = -3*r - 1. Let y be j(-1). Suppose -5*x + 9 = -y*x. Suppose 4*z + 402 = -3*w + 1303, x*z = 5*w - 1550. Is w composite?
False
Let t(p) = -116*p - 7. Let g be t(-7). Let r = -136 + 140. Suppose g = r*z + z. Is z composite?
True
Suppose -18*l + 14*l = -51312. Suppose 0*f + l = 12*f. Is f a composite number?
False
Suppose 4*r = 9*r - 120. Suppose -26*n = -r*n - 298. Is n composite?
False
Let t(m) = 2*m**3 + m**2 - 5*m**2 - 8*m + m**2 + 8. Is t(9) a prime number?
True
Suppose g + 1 = 0, 2*g - 3*g = 3*z - 3332. Is z composite?
True
Let p = 23562 - 10021. Is p a prime number?
False
Let w(u) = 32*u - 8. Let k be w(10). Suppose -5*h = 2*r - 2109, -1804 - k = -2*r + 2*h. Is r a prime number?
False
Is (266/(-14))/(((-20)/11404)/5) a composite number?
True
Let d(a) = -a - 4. Let k be d(-2). Let c be (-1)/k*0/(-4). Suppose 2*h - 3*h + 7 = c. Is h prime?
True
Let u be ((-24)/14)/(6/(-231)). Let n be u*(-2)/((-12)/3). Let j = -14 + n. Is j composite?
False
Suppose -u = -3*v + 49852, -16614 = -v + 6*u - 5*u. Is v prime?
True
Suppose -32 = -4*j - 0*j. Suppose -5*h + j*h - 9 = 0. Suppose -902 = -h*p + 271. Is p a prime number?
False
Let o(s) = 229*s**2 - 26*s - 37. Is o(6) a prime number?
False
Is (-945)/(-8) + 3*5/(-120) a composite number?
True
Let u = 31 + -35. Is u - 9597/(-5) - (-6)/(-15) a composite number?
True
Let p be (-5551)/(-35) - 6/10. Suppose -p = -3*n + 49. Is n composite?
True
Let r(f) = -5*f**2 - 4. Let m be r(5). Suppose -b - 1089 = 4*b - u, -u - 1 = 0. Let t = m - b. Is t a prime number?
True
Let x be (-4)/(-2) - -2 - 1. Suppose 5*j + 90 - 541 = -x*n, 101 = j - 3*n. Suppose 2*y - 10 = j. Is y composite?
True
Suppose -3*g + 13 - 1 = 0. Suppose -2 = 2*a, -g*a - 20 = -2*s + 22. Is s prime?
True
Let j(y) = y**3 - 4*y**2 - 5*y + 1. Let x be j(5). Is 2151 - (x - (2 - -3)) composite?
True
Suppose -34*c + 333619 = -21*c. Is c composite?
True
Let t = -11585 + 16691. Is t/10 + (-6)/(-15) prime?
False
Let r be (-2 - (-1)/1) + 5. Suppose -l - 184 = r*f + 19, -5*l - 27 = f. Is (f/(-6))/((-6)/(-18)) a composite number?
True
Let g(z) = -10*z**3 - 8*z**2 - 19*z - 10. Is g(-9) prime?
True
Let y(n) = -20*n - 5. Let t = 21 + -23. Is y(t) a prime number?
False
Let k(s) be the third derivative of -1/2*s**3 + 0 + 1/60*s**6 + 4*s**2 + 5/24*s**4 - 1/20*s**5 + 0*s. Is k(4) a composite number?
False
Suppose 0 = -0*f - 3*f + 15. Suppose u = f*y - 652, -2*u = -4*y - 0*y + 518. Let a = y - -176. Is a composite?
False
Let g(l) be the first derivative of -3*l + 12*l + 6 + 8*l + 3*l**2 - l. Is g(7) a prime number?
False
Suppose -2*f + 23 = -5*w, -5*f = -w + 6*w + 30. Let x be f*12/(-2 + -1). Suppose -4*o + 461 = -o - s, x*s - 326 = -2*o. Is o a composite number?
True
Let o = -3 + 6. Suppose 0 = o*p + 2*p - 455. Is p a composite number?
True
Let p = -6572 + 10083. Is p a composite number?
False
Let a = -334 - -478. Suppose -11*f = -2*f + 819. Let s = f + a. Is s a composite number?
False
Let g = -27 + 18. Let k = g - -16. Suppose -6*b - 7 = -k*b. Is b prime?
True
Suppose 4*h = 87 - 15. Suppose 0*z - 12 = -z + 5*i, 5*z = 4*i + h. Suppose -z*v - 3*b = -54, -5*b - 43 = -5*v + 2*v. Is v a composite number?
True
Let l(x) = 1261*x - 172. Is l(9) prime?
True
Is 5528 - (-6 - -36)/(-6) a composite number?
True
Let a = 74615 - 37986. Is a composite?
False
Let h be -4*(14/8 + -2). Let r(p) = 25*p**3 - 2*p**2 + 3*p - 2. Let c be r(h). Is (-2)/(-3) + 6344/c prime?
False
Let h = 20826 + 6491. Is h a prime number?
False
Let a = 21 + -14. Suppose 3*k - a*k = -28468. Is k composite?
True
Suppose b = -3*d - 2*d - 14, d - 14 = -3*b. Suppose 4*g = -2*j + 7*j + 110, 3*j - b = 0. Is 12/g - (-668)/5 prime?
False
Let t(y) be the third derivative of -2*y**4 + 3*y**3/2 - 3*y**2. Let p be t(-7). Is p - ((-2)/1 - 0) a composite number?
False
Let j(u) = -2*u**2 - 8*u + 7. Let s be j(1). Is 2281*s/6*-2 a composite number?
False
Suppose 2*l = h + 9974, -43*l - 5*h + 4987 = -42*l. Is l a composite number?
False
Let o(n) = -960*n - 205. Let d(p) = -80*p - 17. Let v(u) = -25*d(u) + 2*o(u). Is v(5) composite?
True
Suppose 18 + 0 = 5*a + w, -5*w + 3 = -4*a. Suppose -5 = a*m + 4, -2*i + m = -9725. Is i prime?
True
Suppose 6 - 22 = -4*u. Suppose -1499 - 2033 = -u*a. Suppose -4*g + 266 = -5*f - a, 0 = 5*f - 15. Is g prime?
False
Is ((-210)/77)/5 - 8179/(-11) composite?
False
Suppose -3*p + 12687 + 5135 = y, -4*y - 5945 = -p. Is p a prime number?
False
Let b = -50 - -40. Is b/(-15)*8862/4 composite?
True
Let m = 6266 + 4553. Is m a prime number?
False
Suppose -2*v - 4*b + 2866 = 0, 3*v = -4*b + 907 + 3396. Is v composite?
True
Let c be (-6)/(-33) + 14248/44. Suppose 0 = -2*q + 5146 + c. Is q a prime number?
False
Let z(f) = 8*f**2 - 10*f - 3. Suppose 2 = -2*c + 16. Let j be z(c). Suppose -488 + 56 = -4*i + k, 3*i - 2*k = j. Is i composite?
False
Let g be (2062/4 + 1)*(-4 - -6). Suppose q - 1037 = -2*i + 4*q, -g = -2*i - q. Is i prime?
False
Let j(f) = 2*f + f - 21*f**3 - 31*f**2 - 1 + 30*f**2 - 2*f. Is j(-2) prime?
False
Let g be (-3)/(3/(-2)) - 4/1. Is ((-4)/(-3))/2*(-1311)/g a composite number?
True
Let g = 2164 + 1243. Is g a prime number?
True
Suppose n - 367 = -n + q, n - 191 = 3*q. Let z = 421 - n. Is z prime?
True
Let s(n) = -n**3 + 9*n**2 + 6*n + 11. Let h be s(10). Let c = -26 - h. Suppose 969 = c*i + 66. Is i composite?
True
Suppose -2128 + 556 = 4*q. Is 1 - q - (-7 + 10) composite?
True
Suppose -2*k + 3*s = -5 + 14, -2*s = 4*k - 22. Suppose -1251 = -14*a + 709. Suppose -a - 937 = -k*v. Is v a prime number?
True
Is ((-2594)/(-6))/((-62)/(-2046)) a composite number?
True
Let g = 148 + -240. Let n = g - -183. Is n prime?
False
Suppose p - 2*q - 2524 = 2*p, 0 = 4*p + 5*q + 10096. Let j = p - -4263. Is j prime?
False
Let j = 38736 + 84229. Is j a prime number?
False
Suppose p + p + 3*i = 19310, -5*p = -i - 48309. Is p a prime number?
True
Let t(g) = -g**3 + 13*g**2 + 14*g + 6. Let k be t(14). Let w(s) = -4*s**3 - 3*s**2 - 7*s + 3. Let r be w(k). Is (-4)/10 - r/15 prime?
True
Suppose -4*h = -4*b + 15552, 0 = 2*b + 12*h - 10*h - 7756. Is b prime?
False
Suppose 6*j + 469 = 3679. Is j a composite number?
True
Is (6382/(-4) - 6)*-2 composite?
False
Let p(w) = -2*w**3 + 11*w**2 - 5*w + 2. Let z be p(5). Suppose 2544 = 4*c - 4*i, -i - z*i - 642 = -c. Is c prime?
False
Suppose 5*p + 5*b + 625 = 2*b, -4*b = 0. Let v(u) = 239*u**2 - 4*u + 5. Let x be v(1). Let i = x + p. Is i a prime number?
False
Let i = 485 + 696. Is i a prime number?
True
Let p be (-516)/(-15)*5/2. Suppose -22*w = -27*w + 755. Let a = w - p. Is a a composite number?
True
Let h(x) = -921*x + 22. Is h(-9) composite?
False
Let o = -476 - -2277. Is o a composite number?
False
Let l = -131560 - -197415. Is l composite?
True
Suppose -2*s = 4*d - 24, 8*s - 3*s - 15 = -d. Suppose d*r - 5*p - 2505 = 0, p + 998 = -r + 3*r. Is r a prime number?
False
Let v be (-3 + 2)/1 + 1792. Suppose 7*p - 862 = v. Is p a prime number?
True
Suppose 2*d = 5*d - 15, 4*a + d - 29 = 0. Suppose 156 = -2*n + a*n. Let t = n + -20. Is t prime?
True
Suppose -8 = -i + 2*i. Is (122/(-2))/(4/i) prime?